divisor of a and 48?
16
Let a = 10813 + -10637. Calculate the greatest common divisor of a and 792.
88
Suppose 871 + 305 = 8*n. Suppose 16*y - 21*y = -210. What is the greatest common divisor of n and y?
21
Let c be 1900/665*5/(-2)*(-105)/25. Suppose -b - v = -128, b - 154 = -5*v - 34. Calculate the greatest common factor of c and b.
10
Let u(c) = -c**3 + 12*c**2 + c - 4. Let w be u(12). Let q be (5 - w)/((-4)/28). What is the greatest common divisor of 483 and q?
21
Suppose -5196 = -63*g + 21*g - 492. Let m = -69 + -32. Let a = g + m. Calculate the greatest common factor of a and 55.
11
Let x = -10462 - -14549. What is the highest common divisor of x and 183?
61
Let w = 46 + -37. Suppose -w*q + z + 245 = -4*q, 5*z = 2*q - 121. Calculate the greatest common divisor of 84 and q.
12
Suppose 0 = -i + 5*h + 4332, -2*h = -4*i + 6474 + 10926. Calculate the highest common divisor of i and 17.
17
Let h be 1831*(-2)/(-14) - (-580)/406. What is the greatest common divisor of h and 23670?
263
Let g = -903 + 1044. Let z be g/6 - 155/62. Suppose 53 = 3*c + 11. Calculate the greatest common factor of c and z.
7
Let x(s) = s**3 - 23*s**2 + 129*s + 23. Let z be x(11). Let g(c) = 3*c**2 + 24*c - 12. Let i be g(z). What is the highest common factor of i and 1488?
48
Suppose 0 = -12*g + 1814 + 298. Suppose -6*z = -4*z - g. What is the greatest common factor of z and 22?
22
Suppose -3*m = -143 + 537 - 4363. Calculate the greatest common factor of m and 49.
49
Let p = -828 - -894. Calculate the highest common factor of 228 and p.
6
Let j be 5*((-48)/(-15) - 2). Suppose 928*l = 942*l - 294. Calculate the highest common factor of j and l.
3
Let q = 710 + -522. Let u be (-267)/2*q/(-282). Calculate the greatest common factor of u and 1424.
89
Suppose 2*s + 7*s = -612. Let n = s + 68. Suppose 0 = -n*f + f - 5*c - 84, 4*f - 244 = -3*c. Calculate the highest common factor of 4 and f.
4
Let c(x) = -x + 3. Let z(w) = 39*w - 351. Let p(r) = 6*c(r) - z(r). Let t be p(7). What is the greatest common divisor of 81 and t?
27
Let c be (-1000)/6*(-798)/1330. What is the greatest common divisor of c and 17650?
50
Let v be (930/(-105))/((-3)/1722). Calculate the highest common factor of v and 164.
164
Let s = -31 - -1. Suppose 1256*z - 506 = 1267*z. Let m = s - z. Calculate the greatest common divisor of m and 8.
8
Let p = 117 + -384. Let g = p + 185. Let w = -56 - g. What is the greatest common divisor of w and 234?
26
Let r(k) = -78*k - 16. Let y be r(-6). Let g = -49 + y. What is the greatest common factor of 31 and g?
31
Let m(r) = 17*r + 618. Let t be m(-36). Let l(n) = n + 12. Let x be l(10). What is the greatest common factor of x and t?
2
Let m = 461 + -474. Let l(i) = -i**3 - 12*i**2 - 3*i - 48. Let b be l(m). What is the highest common factor of b and 32?
32
Suppose 40*w - 6478 - 9482 = 0. Suppose w = 5*h - 251. Calculate the greatest common divisor of 455 and h.
65
Suppose -56*q + 19*q = -3367. Suppose 2*y + q = 99. Suppose -3*z = 0, -5*z - 144 = -3*m - m. Calculate the highest common divisor of m and y.
4
Let o = -24 - -32. Let m be ((-1)/(5/2))/(o/(-240)). Calculate the greatest common factor of m and 324.
12
Suppose -369*p = -1087*p + 86160. What is the greatest common factor of p and 13860?
60
Suppose 24*s + 4 - 4 = 0. Suppose -2*v - 61 = -r - s*r, -5*r + 319 = 4*v. What is the greatest common factor of 84 and r?
21
Let j = 173 + -118. Let s be -40*-10*(-4)/(-16). Suppose 10*k = 10 + s. Calculate the highest common divisor of k and j.
11
Let j(u) = -2*u**2 - 95*u + 42. Let z be j(-7). Calculate the greatest common factor of 145 and z.
29
Suppose -4*t - 2*m + 478 = -0*m, 364 = 3*t - 4*m. Suppose 4*g - 2*g = 2*j - t, -2*j + 4*g + 128 = 0. What is the highest common divisor of 126 and j?
14
Let o = 16202 + -15808. What is the greatest common factor of 5 and o?
1
Suppose -7*b + 20*b = 3*b + 12640. What is the highest common divisor of b and 112?
16
Suppose -3*h = -5*k + 237, -4*h = -k + 6*k - 209. Suppose 0 = -d - 2*z + k, -4*d + 5*z + 34 = -81. What is the highest common factor of d and 105?
35
Suppose 5*v = 5*k + 155, 0*v + 3*v = k + 85. Suppose -12 = -4*s, 4*u - 2*s - 584 = 274. What is the highest common factor of u and v?
27
Let i be 544/6*3/2. Let z = -19562 + 19766. What is the highest common divisor of i and z?
68
Suppose -429*a = -5*w - 428*a + 52918, 4*a = 4*w - 42312. What is the highest common divisor of 145 and w?
145
Suppose -2*s - 61318 = -q, 1562*q = 1557*q + s + 306545. What is the greatest common divisor of 156 and q?
156
Let v(m) be the second derivative of m**5/10 + m**4/12 - m**2/2 - 8*m. Let s be v(-1). Let z = 108 - s. Calculate the highest common divisor of z and 10.
10
Let d be (-3)/(-1*((-55)/10 + 4)). Let k be (2 + 10)*8*(-1 - d). What is the highest common factor of 6 and k?
6
Let h be (101 - 2)*((-290)/30 + 10). What is the highest common divisor of h and 1969?
11
Let m(z) = z**2 - 2*z - 33. Let u be ((-4)/6 - 51/(-9))*-1. Let a be m(u). Calculate the highest common factor of 22 and a.
2
Let q be -28*(3/(-15))/((-20)/(-1025)). Let r = -56 - -97. Calculate the highest common divisor of q and r.
41
Let y = -134 + 204. Suppose -364 + y = -42*j. What is the highest common factor of 8 and j?
1
Let f = -14804 - -14914. What is the greatest common divisor of 3058 and f?
22
Let j be (-27)/(-63) - (-22)/14. Suppose 3*v + j*v = 120. Let d be (74 + -79)/((-10)/16). Calculate the highest common divisor of v and d.
8
Let l(o) = 186*o**2 + 17*o + 67. Let v be l(-7). Calculate the greatest common divisor of v and 197.
197
Suppose 3*u - 3*h = 102, -u + 30 = -h + 2*h. Let z(k) = -11*k - 594. Let w be z(-70). Calculate the greatest common factor of w and u.
16
Suppose 25*y = -69*y + 162996. Calculate the highest common divisor of y and 17.
17
Let t(v) = -1210*v + 3692. Let o be t(3). What is the highest common divisor of o and 10?
2
Let x = 3084 - 1380. What is the greatest common factor of x and 355?
71
Let b = 22 - 12. Let h be (57 + -182)/(-4 - 1). What is the greatest common divisor of h and b?
5
Let c = 2217 - 1996. Calculate the highest common factor of 10387 and c.
221
Let k(a) = -a**3 - 25*a**2 + 58*a - 30. Let c be k(-27). Let g = c - -148. What is the highest common factor of g and 870?
10
Let i = -1104 + 999. Let g = i - -139. What is the highest common factor of g and 4?
2
Let k(y) = 57*y**3 + 24*y**2 - 23*y + 24. Let d be k(4). Calculate the greatest common divisor of 2 and d.
2
Let h be 1/(9/2004) - 7/(-21). Let g = h - 100. Calculate the greatest common factor of g and 287.
41
Suppose -v - 4*v = -340. Let k be 17/v - (-1)/((-8)/(-1662)). Suppose -m + 9 + 17 = 0. Calculate the greatest common factor of k and m.
26
Suppose -y - 1 = -32. Let o = 363 + -362. Let h = y - o. Calculate the highest common factor of h and 30.
30
Let h be (-1)/(-6) - 11508/(-72). Suppose 80 + h = 3*q. Let a(s) = -11*s - 1. Let k be a(-1). What is the greatest common divisor of q and k?
10
Let i be -73*-1*2*1/2. Suppose 3*z - 55 = -4*f, -f + 3*f - i = -5*z. What is the highest common divisor of z and 26?
13
Let s = -8679 + 8754. Let j(g) = 2*g + 120. Let b be j(0). What is the greatest common divisor of s and b?
15
Suppose -4 = 2*q - 2*m + 16, 2*q + 22 = 3*m. Let l be (23/(-1))/(q/544*4). Calculate the greatest common factor of l and 51.
17
Suppose -750 = 2*t + 8*t. Let k = 78 + t. Suppose -3*x + u = -53, 4*x + u - k*u = 74. What is the highest common divisor of 16 and x?
16
Let f be 280/(-200)*140/(-98). Let c(g) = -g**3 - g + 1. Let y be c(-3). Calculate the highest common factor of y and f.
1
Let l be 743470/(-117)*-1 + (-4)/9. Calculate the highest common divisor of l and 36.
18
Suppose -5574 = -5*k - 3*a, -22*a = -20*a + 4. Calculate the highest common divisor of 522 and k.
18
Let w = -21 + 23. Suppose w*c = -m + 6*m + 34, 66 = 2*c + 3*m. Suppose -13*v - c = -16*v. Calculate the greatest common divisor of 27 and v.
9
Suppose 5*c - 4*k + 5 = 0, 3*c + 4*k - 43 = -14. Let f be (-39)/12*c/(6/(-8)). What is the highest common factor of 221 and f?
13
Let q(n) = -25*n**3 - 15*n**2 - 49*n - 104. Let l be q(-3). Calculate the greatest common divisor of l and 1484.
53
Let h = -65 + 34. Let v = h - -45. Let c be (17 + -12)/((-25)/(-105)). What is the greatest common diviso